{"id":171,"date":"2019-10-21T11:51:40","date_gmt":"2019-10-21T09:51:40","guid":{"rendered":"https:\/\/test1.pohle.it\/?page_id=171"},"modified":"2024-07-22T11:53:24","modified_gmt":"2024-07-22T09:53:24","slug":"portfolio","status":"publish","type":"page","link":"https:\/\/www.pohle.it\/index.php\/portfolio\/","title":{"rendered":"Portfolio"},"content":{"rendered":"\t\t<div data-elementor-type=\"wp-post\" data-elementor-id=\"171\" class=\"elementor elementor-171\">\n\t\t\t\t\t\t<section class=\"elementor-section elementor-top-section elementor-element elementor-element-2287fbf4 elementor-section-boxed elementor-section-height-default elementor-section-height-default\" data-id=\"2287fbf4\" data-element_type=\"section\">\n\t\t\t\t\t\t<div class=\"elementor-container elementor-column-gap-default\">\n\t\t\t\t\t<div class=\"elementor-column elementor-col-100 elementor-top-column elementor-element elementor-element-1559c19b\" data-id=\"1559c19b\" data-element_type=\"column\">\n\t\t\t<div class=\"elementor-widget-wrap elementor-element-populated\">\n\t\t\t\t\t\t<section class=\"elementor-section elementor-inner-section elementor-element elementor-element-4e50321 elementor-section-boxed elementor-section-height-default elementor-section-height-default\" data-id=\"4e50321\" data-element_type=\"section\">\n\t\t\t\t\t\t<div class=\"elementor-container elementor-column-gap-default\">\n\t\t\t\t\t<div class=\"elementor-column elementor-col-50 elementor-inner-column elementor-element elementor-element-3272105\" data-id=\"3272105\" data-element_type=\"column\">\n\t\t\t<div class=\"elementor-widget-wrap elementor-element-populated\">\n\t\t\t\t\t\t<div class=\"elementor-element elementor-element-f86dec8 elementor-widget elementor-widget-text-editor\" data-id=\"f86dec8\" data-element_type=\"widget\" data-widget_type=\"text-editor.default\">\n\t\t\t\t<div class=\"elementor-widget-container\">\n\t\t\t\t\t\t\t\t\t<h2>Portfolio<\/h2><p><strong>Unabh\u00e4ngige Beratung zu allen Fragen der IT. Seit mehr als 20 Jahren!<\/strong><\/p><h4>Status Quo<\/h4><p>IT Themen werden, ebenso wie alle damit verbundenen IT nahen und\/oder relevanten Themen, immer wichtiger.<br \/>Dabei erh\u00f6ht sich auch die <b>Komplexit\u00e4t<\/b> stetig, durch immer <b>st\u00e4rkere Verzahnung<\/b> und Durchdringung bis in den privaten Bereich.<\/p><p>Die <b>Abh\u00e4ngigkeit von IT Systemen<\/b>, wie auch der Systeme untereinander, <b>wird gr\u00f6\u00dfer<\/b>. Laufzeiten f\u00fcr IT Infrastrukturen werden k\u00fcrzer. Projekte m\u00fcssen schneller umgesetzt werden. <b>Der Roundtrip wird immer schneller.<\/b><\/p><p><b>Kanban, Scrum, Wasserfall<\/b> \u2013 diverse Methoden und Projekt Management Strategien sollen helfen, die Anforderungen zu meistern und die anstehenden <b>Projekte im Rahmen der Vorgaben zu erf\u00fcllen.<\/b><\/p><p>Fachkr\u00e4ftemangel, Kostendruck, unvorhergesehene St\u00f6rungen, Mitarbeiter die langfristig krank werden\u2026 die Liste an H\u00fcrden, die genommen werden m\u00fcssen (planerisch wie spontan), um anstehende Aufgaben zu bewerkstelligen, ist nicht zu untersch\u00e4tzen.<\/p><h4>Mission<br \/><strong style=\"font-size: 15px; color: var( --e-global-color-text ); font-family: var( --e-global-typography-text-font-family ), Sans-serif;\">Schieben Sie ihre IT Projekte nicht vor sich her!<\/strong><\/h4><p><u>Lassen Sie mich Ihnen helfen, Ihre IT Themen in den Griff zu bekommen!<\/u><\/p><p>Ganz nach meinem pers\u00f6nlichen Motto \u201e<strong>Pragmatismus, Augenma\u00df und gesunder Menschenverstand<\/strong>\u201c helfe ich Ihnen dabei, egal wie gro\u00df oder klein die anstehende Aufgabe auch ist.<\/p><p>Gerne bin ich Ihr\u00a0<strong>unabh\u00e4ngiger<\/strong>\u00a0Berater und entwickel f\u00fcr Sie die passende L\u00f6sung \u2013 entweder \u201evon der Stange\u201c oder auch ganz\u00a0<strong>individuell<\/strong>\u00a0an Ihren Bed\u00fcrfnissen ausgerichtet.<\/p><h4>Leistungen<\/h4><p>Ihr Vorteil: Meine mehr als <strong>20-j\u00e4hrige Erfahrung<\/strong> in weiten Teilen der IT Landschaft. Losgel\u00f6st von Zw\u00e4ngen durch einen Hersteller, vollkommen frei in der Beratung, da niemandem au\u00dfer Ihnen verpflichtet. Bed\u00fcrfnisse und Anforderungen richtig erfassen, ihre Identifikation, korrekte Beschreibung und richtige Interpretation haben gro\u00dfen Stellenwert bei meiner Arbeit. Die angestrebten Ziele und L\u00f6sungen stets in G\u00e4nze betrachten und darauf achten, dass diese zu jeder Zeit sinnig und wirtschaftlich und f\u00fcr die Zukunft tragf\u00e4hig sind. Die korrekte Umsetzung des besprochenen und geplanten Ziels erreiche ich durch kontinuierliche Messung des Fortschritts und R\u00fcckmeldung an Sie.<\/p><p>Dabei spielt es keine Rolle, ob Sie einen kleinen Webserver f\u00fcr Ihre Web-Pr\u00e4senz ben\u00f6tigen, ein Ticket System einrichten m\u00f6chten, ein internes Dokumentations-Wiki einf\u00fchren oder ein NAS f\u00fcr Ihre Arbeitsumgebung brauchen, oder Ihre in die Jahre gekommenen physischen Server virtualisieren wollen.<\/p><p>Gerne unterziehe ich Ihre RZ R\u00e4ume auch einem Review, zeige auf, wo es kritische Punkte gibt und Sie Verbesserungen durchf\u00fchren k\u00f6nnen, um Ihre IT ausfallsicherer zu machen.<\/p><p>In Zeiten immer gr\u00f6\u00dfer werdender Gefahren \u201eaus dem Internet\u201c stehe ich Ihnen auch gerne beratend zur Seite und zeige Ihnen auf, wo Sie aktuell mit Ihrer IT Sicherheit stehen und welche Ma\u00dfnahmen Sie sinnvoller Weise ergreifen sollten, um bestm\u00f6glich ger\u00fcstet zu sein.<\/p><p>Es stehen bei Ihnen gro\u00dfe \u201eUmbauma\u00dfnahmen\u201c an? Sie bekommen \u201eBesuch\u201c von Vertretern eines oder mehrerer gro\u00dfer Mitspieler im IT Markt? Sie sind sich nicht sicher, ob die Ihnen angebotenen Ma\u00dfnahmen wirklich an Ihre urspr\u00fcnglichen Bed\u00fcrfnissen ausgerichtet sind oder Sie brauchen schlicht und einfach einen \u201eDolmetscher\u201c? Gerne komme ich auch zu Ihnen und stehe Ihnen beratend, als unabh\u00e4ngiger Dienstleister, zur Seite.<\/p><h4>Schwerpunkt Themen kurz &amp; knapp&#8230;<\/h4><ul><li><span style=\"font-size: 16px;\">IT Architektur, auch in komplexen Umgebungen<\/span><\/li><li><span style=\"font-size: 16px;\">IT Sicherheit<\/span><\/li><li><span style=\"font-size: 16px;\">Rechenzentrums-Review<\/span><\/li><li><span style=\"font-size: 16px;\">Virtualisierung<\/span><\/li><li><span style=\"font-size: 16px;\">Storage<\/span><\/li><li>IoT \/ Sensorik<\/li><li>3D Druck \/ Prototypen Bau<\/li><\/ul><p>Fokus auf Linux und Unix Systeme, Virtualisierung, Storage Systeme, Firewall, Loadbalancer, Hochverf\u00fcgbarkeit.<\/p><p>Betrieb von hoch verf\u00fcgbaren Web-, Mail-, Application- und CMS Servern auf Basis von RedHat, CentOS, Apache HTTPD und Tomcat, Linux-HA, MySQL, Postfix, Dovecot.<\/p><p>Entwicklung von Software auch und vor allem als Werkzeug f\u00fcr obige Themen. Zum Einsatz kommen dabei PHP, Java, Bash, C\/C++ und Scripting allgemein.<\/p><p>Content Management Systeme (CMS) aus dem Open Source Umfeld,\u00a0 ebenso wie Enterprise CMS.<\/p><p>Virtualisierung auf Basis von VMware oder und Oracle VM VirtualBox f\u00fcr kleinere lokale Anwendungen.<\/p><p>Enterprise Storage Systeme, z.B. IBM \/ Lenovo V3xxx\/V7xxx Serie.<\/p><p>Backup L\u00f6sungen auf Basis von z.B. Veeam Backup &amp; Replication oder Acronis Enterprise Produkten. Bei Bedarf aber auch selbst entworfene Systeme auf Basis von Scripten mit rsync, scp und ftp.<\/p><p>System\u00fcberwachung \/ Monitoring \/ Alerting auf Basis von z.B. Nagios \/ check_mk oder selbst geschriebener Programme auf Basis von Shell-Scripten.<\/p><p>\u00a0<\/p>\t\t\t\t\t\t\t\t<\/div>\n\t\t\t\t<\/div>\n\t\t\t\t\t<\/div>\n\t\t<\/div>\n\t\t\t\t<div class=\"elementor-column elementor-col-50 elementor-inner-column elementor-element elementor-element-8d9fe5e\" data-id=\"8d9fe5e\" data-element_type=\"column\">\n\t\t\t<div class=\"elementor-widget-wrap elementor-element-populated\">\n\t\t\t\t\t\t<div class=\"elementor-element elementor-element-99994c1 elementor-widget elementor-widget-image\" data-id=\"99994c1\" data-element_type=\"widget\" data-widget_type=\"image.default\">\n\t\t\t\t<div class=\"elementor-widget-container\">\n\t\t\t\t\t\t\t\t\t\t\t\t\t\t\t<img fetchpriority=\"high\" decoding=\"async\" width=\"269\" height=\"304\" src=\"https:\/\/www.pohle.it\/wp-content\/uploads\/2024\/07\/Markus_Head.png\" class=\"attachment-full size-full wp-image-594\" alt=\"\" srcset=\"https:\/\/www.pohle.it\/wp-content\/uploads\/2024\/07\/Markus_Head.png 269w, https:\/\/www.pohle.it\/wp-content\/uploads\/2024\/07\/Markus_Head-265x300.png 265w\" sizes=\"(max-width: 269px) 100vw, 269px\" \/>\t\t\t\t\t\t\t\t\t\t\t\t\t\t\t<\/div>\n\t\t\t\t<\/div>\n\t\t\t\t\t<\/div>\n\t\t<\/div>\n\t\t\t\t\t<\/div>\n\t\t<\/section>\n\t\t\t\t\t<\/div>\n\t\t<\/div>\n\t\t\t\t\t<\/div>\n\t\t<\/section>\n\t\t\t\t<\/div>\n\t\t","protected":false},"excerpt":{"rendered":"<p>Portfolio Unabh\u00e4ngige Beratung zu allen Fragen der IT. Seit mehr als 20 Jahren! Status Quo IT Themen werden, ebenso wie alle damit verbundenen IT nahen und\/oder relevanten Themen, immer wichtiger.Dabei erh\u00f6ht sich auch die Komplexit\u00e4t stetig, durch immer st\u00e4rkere Verzahnung und Durchdringung bis in den privaten Bereich. Die Abh\u00e4ngigkeit von IT Systemen, wie auch der [&hellip;]<\/p>\n","protected":false},"author":1,"featured_media":0,"parent":0,"menu_order":0,"comment_status":"closed","ping_status":"closed","template":"","meta":{"_lmt_disableupdate":"no","_lmt_disable":"","site-sidebar-layout":"no-sidebar","site-content-layout":"page-builder","ast-site-content-layout":"default","site-content-style":"default","site-sidebar-style":"default","ast-global-header-display":"","ast-banner-title-visibility":"","ast-main-header-display":"","ast-hfb-above-header-display":"","ast-hfb-below-header-display":"","ast-hfb-mobile-header-display":"","site-post-title":"disabled","ast-breadcrumbs-content":"","ast-featured-img":"disabled","footer-sml-layout":"","theme-transparent-header-meta":"default","adv-header-id-meta":"","stick-header-meta":"","header-above-stick-meta":"","header-main-stick-meta":"","header-below-stick-meta":"","astra-migrate-meta-layouts":"default","ast-page-background-enabled":"default","ast-page-background-meta":{"desktop":{"background-color":"var(--ast-global-color-4)","background-image":"","background-repeat":"repeat","background-position":"center center","background-size":"auto","background-attachment":"scroll","background-type":"","background-media":"","overlay-type":"","overlay-color":"","overlay-opacity":"","overlay-gradient":""},"tablet":{"background-color":"","background-image":"","background-repeat":"repeat","background-position":"center center","background-size":"auto","background-attachment":"scroll","background-type":"","background-media":"","overlay-type":"","overlay-color":"","overlay-opacity":"","overlay-gradient":""},"mobile":{"background-color":"","background-image":"","background-repeat":"repeat","background-position":"center center","background-size":"auto","background-attachment":"scroll","background-type":"","background-media":"","overlay-type":"","overlay-color":"","overlay-opacity":"","overlay-gradient":""}},"ast-content-background-meta":{"desktop":{"background-color":"var(--ast-global-color-5)","background-image":"","background-repeat":"repeat","background-position":"center center","background-size":"auto","background-attachment":"scroll","background-type":"","background-media":"","overlay-type":"","overlay-color":"","overlay-opacity":"","overlay-gradient":""},"tablet":{"background-color":"var(--ast-global-color-5)","background-image":"","background-repeat":"repeat","background-position":"center center","background-size":"auto","background-attachment":"scroll","background-type":"","background-media":"","overlay-type":"","overlay-color":"","overlay-opacity":"","overlay-gradient":""},"mobile":{"background-color":"var(--ast-global-color-5)","background-image":"","background-repeat":"repeat","background-position":"center center","background-size":"auto","background-attachment":"scroll","background-type":"","background-media":"","overlay-type":"","overlay-color":"","overlay-opacity":"","overlay-gradient":""}},"footnotes":""},"class_list":["post-171","page","type-page","status-publish","hentry"],"_links":{"self":[{"href":"https:\/\/www.pohle.it\/index.php\/wp-json\/wp\/v2\/pages\/171","targetHints":{"allow":["GET"]}}],"collection":[{"href":"https:\/\/www.pohle.it\/index.php\/wp-json\/wp\/v2\/pages"}],"about":[{"href":"https:\/\/www.pohle.it\/index.php\/wp-json\/wp\/v2\/types\/page"}],"author":[{"embeddable":true,"href":"https:\/\/www.pohle.it\/index.php\/wp-json\/wp\/v2\/users\/1"}],"replies":[{"embeddable":true,"href":"https:\/\/www.pohle.it\/index.php\/wp-json\/wp\/v2\/comments?post=171"}],"version-history":[{"count":28,"href":"https:\/\/www.pohle.it\/index.php\/wp-json\/wp\/v2\/pages\/171\/revisions"}],"predecessor-version":[{"id":597,"href":"https:\/\/www.pohle.it\/index.php\/wp-json\/wp\/v2\/pages\/171\/revisions\/597"}],"wp:attachment":[{"href":"https:\/\/www.pohle.it\/index.php\/wp-json\/wp\/v2\/media?parent=171"}],"curies":[{"name":"wp","href":"https:\/\/api.w.org\/{rel}","templated":true}]}}